to base 7
-43421
What is -7504 (base 14) in base 4?
-10323200
What is -51000 (base 6) in base 10?
-6696
Convert 34035 (base 9) to base 14.
8367
What is 220012 (base 5) in base 10?
7507
What is 1100011100 (base 2) in base 5?
11141
What is 1315 (base 16) in base 15?
16aa
Convert -2a (base 12) to base 7.
-46
Convert 121001 (base 3) to base 6.
2001
What is -464 (base 14) in base 4?
-31220
What is 647 (base 13) in base 6?
4545
What is d39 (base 15) in base 7?
11454
Convert -122121021 (base 3) to base 2.
-11001000100000
-102345 (base 6) to base 7
-33221
What is 33230 (base 5) in base 7?
6515
Convert 141 (base 5) to base 7.
64
-13031 (base 4) to base 14
-24d
31344 (base 6) to base 2
1000010010000
What is 262 (base 16) in base 14?
318
What is 3d9 (base 15) in base 3?
1012120
Convert 20563 (base 7) to base 16.
13e4
What is -2a9 (base 12) in base 4?
-12201
-618 (base 14) to base 3
-1122101
1621 (base 8) to base 2
1110010001
Convert -1870d (base 14) to base 10.
-61753
Convert -3321 (base 7) to base 4.
-102213
Convert -522024 (base 6) to base 14.
-113c4
Convert 102331112 (base 4) to base 12.
38b32
What is 334 (base 9) in base 11?
22a
Convert -2023 (base 6) to base 3.
-121120
Convert -632 (base 7) to base 10.
-317
What is -6a0 (base 11) in base 2?
-1101000100
What is 8192 (base 14) in base 10?
22276
Convert 20122021 (base 3) to base 10.
4840
Convert 5cc (base 13) to base 10.
1013
Convert 124051 (base 6) to base 11.
850a
What is 2133 (base 5) in base 12?
205
What is 100221 (base 3) in base 11?
224
What is -1133202 (base 4) in base 13?
-2a24
Convert 11111101111100 (base 2) to base 5.
1010002
Convert 182 (base 12) to base 4.
3302
Convert 6564 (base 9) to base 11.
36a8
What is 13001 (base 4) in base 3?
121122
Convert -44353 (base 6) to base 7.
-24021
-31251 (base 8) to base 12
-7609
Convert 1016 (base 8) to base 3.
201111
Convert 57a (base 14) to base 10.
1088
-e7d (base 16) to base 5
-104314
111101100001111 (base 2) to base 15
9503
Convert -8412 (base 10) to base 6.
-102540
57bb (base 15) to base 7
105206
Convert -401 (base 11) to base 10.
-485
What is -12322 (base 8) in base 5?
-132310
-c06 (base 14) to base 13
-10c5
Convert 309 (base 11) to base 14.
1c8
Convert 27 (base 10) to base 9.
30
Convert -1077 (base 9) to base 6.
-3411
111414 (base 5) to base 14
1648
What is -3b81 (base 15) in base 16?
-31b1
Convert 370c (base 13) to base 3.
101200101
What is -14695 (base 10) in base 12?
-8607
Convert 340b (base 12) to base 14.
2163
Convert 2445 (base 7) to base 8.
1623
Convert 230313 (base 5) to base 15.
2673
Convert 29 (base 10) to base 12.
25
What is -562 (base 10) in base 6?
-2334
Convert -1512 (base 12) to base 9.
-3335
What is 543 (base 9) in base 4?
12330
3a67 (base 11) to base 6
40232
-13 (base 7) to base 15
-a
Convert -9160 (base 11) to base 10.
-12166
-2750 (base 13) to base 8
-13012
What is -10010111111001 (base 2) in base 7?
-40225
-80a7 (base 11) to base 6
-121501
-13b (base 14) to base 12
-189
Convert -8460 (base 9) to base 16.
-1842
Convert 5341 (base 6) to base 4.
102331
Convert 16c47 (base 14) to base 2.
1101111111001111
-111101010 (base 2) to base 15
-22a
What is 10425 (base 6) in base 9?
1888
What is -20231031 (base 4) in base 7?
-205653
Convert 13300010 (base 4) to base 2.
111110000000100
What is -11060 (base 7) in base 12?
-1742
-161c (base 13) to base 9
-4385
Convert 90 (base 13) to base 7.
225
What is 121c (base 13) in base 7?
10315
Convert 1022022111 (base 3) to base 13.
b944
What is 644 (base 12) in base 16?
394
-11323103 (base 4) to base 2
-101111011010011
What is 102121 (base 3) in base 9?
377
Convert -2554 (base 7) to base 11.
-802
1000010110100 (base 2) to base 6
31444
-33544 (base 7) to base 8
-20475
What is -a316 (base 11) in base 8?
-32572
303 (base 15) to base 6
3050
Convert -2220033 (base 5) to base 11.
-27144
Convert 18 (base 15) to base 12.
1b
101011100 (base 3) to base 6
54143
What is 70091 (base 10) in base 9?
116128
Convert 30001 (base 6) to base 8.
7461
Convert 1167b (base 12) to base 8.
55577
Convert -1544 (base 6) to base 10.
-424
Convert b1cd (base 16) to base 3.
2022102211
-7dc (base 15) to base 3
-2110000
1054 (base 6) to base 2
11111010
What is -5781 (base 14) in base 5?
-441310
Convert 2707 (base 10) to base 2.
101010010011
What is 5052 (base 7) in base 2?
11011011000
-a0a3 (base 14) to base 2
-110101110111111
789 (base 10) to base 15
379
What is -23113 (base 4) in base 6?
-3211
What is 3050 (base 11) in base 10?
4048
4260 (base 9) to base 4
300330
-221222 (base 3) to base 7
-2021
13561 (base 7) to base 5
104333
-100001000010 (base 2) to base 15
-95e
10066 (base 7) to base 10
2449
Convert 200010 (base 3) to base 7.
1266
Convert -1134031 (base 5) to base 10.
-21141
Convert -691 (base 10) to base 14.
-375
Convert -244101 (base 5) to base 13.
-42b7
Convert -c30 (base 15) to base 2.
-101010111001
Convert -840 (base 10) to base 16.
-348
10000001100 (base 2) to base 11
862
What is 13123 (base 6) in base 3?
2201220
What is 11531 (base 6) in base 13?
a18
Convert 11111011010000 (base 2) to base 6.
202240
Convert -259c6 (base 13) to base 8.
-210236
11dc (base 14) to base 5
100014
-20321 (base 4) to base 11
-478
Convert -40355 (base 7) to base 12.
-57bb
11615 (base 7) to base 3
11011222
What is 88 (base 11) in base 9?
116
Convert -81175 (base 9) to base 12.
-26a72
774 (base 13) to base 11
a62
100110001 (base 2) to base 9
368
-23201 (base 10) to base 13
-a739
Convert -62 (base 7) to base 12.
-38
What is -26545 (base 9) in base 7?
-103211
Convert 37991 (base 10) to base 14.
dbb9
Convert 4909 (base 11) to base 12.
3872
Convert -44131 (base 6) to base 9.
-8331
What is -100000 (base 3) in base 14?
-135
-24033 (base 5) to base 4
-123220
What is -10 (base 6) in base 13?
-6
What is 110011101111010 (base 2) in base 15?
7cb0
-3b0a (base 13) to base 15
-2790
What is -201111 (base 3) in base 15?
-251
Convert -1255115 (base 6) to base 3.
-10112202202
What is -6a9 (base 14) in base 7?
-3602
-1101101111 (base 2) to base 15
-3d9
What is 1030143 (base 5) in base 9?
26057
17b55 (base 13) to base 15
d8ce
What is -3636 (base 12) in base 6?
-44110
Convert 1201 (base 7) to base 10.
442
Convert 6cc (base 15) to base 3.
2010010
What is 16014 (base 9) in base 5?
322243
1c7d3 (base 15) to base 2
10110101011100010
Convert -124d (base 14) to base 9.
-4351
-274 (base 10) to base 2
-100010010
Convert 66725 (base 8) to base 2.
110110111010101
What is ac (base 16) in base 9?
211
Convert -5012 (base 6) to base 3.
-1111022
What is -22478 (base 9) in base 8?
-35177
Convert -230233 (base 4) to base 15.
-cad
What is 481 (base 11) in base 10?
573
114225 (base 6) to base 15
2e85
What is 1375 (base 9) in base 16?
410
What is -242 (base 5) in base 4?
-1020
Convert 42 (base 15) to base 7.
116
Convert 10818 (base 9) to base 10.
7226
Convert -8362 (base 13) to base 8.
-43363
-21014 (base 5) to base 8
-2550
What is -1224 (base 5) in base 10?
-189
Convert -1010011110110 (base 2) to base 9.
-7322
What is 122100 (base 4) in base 10?
1680
-30ba (base 12) to base 16
-14ce
What is 28193 (base 11) in base 10?
40153
199 (base 15) to base 4
11301
Convert -558 (base 9) to base 13.
-293
4245 (base 12) to base 6
53325
What is -407 (base 13) in base 7?
-1664
Convert -458 (base 10) to base 9.
-558
-423333 (base 6) to base 11
-2399a
Convert -1100000 (base 3) to base 10.
-972
-74077 (base 8) to base 3
-1120020010
What is -8c8 (base 14) in base 16?
-6d0
What is 5ca4 (base 14) in base 10?
16216
-52a (base 14) to base 8
-1772
What is -93 (base 11) in base 12?
-86
Convert -101011011110 (base 2) to base 8.
-5336
553 (base 7) to base 8
433
Convert 117 (base 14) to base 12.
161
Convert 12bc2 (base 13) to base 15.
a567
What is 343 (base 9) in base 3?
101110
535 (base 15) to base 8
2227
What is 2000001022 (base 3) in base 14?
10505
Convert 10010111110 (base 2) to base 16.
4be
Convert 3442 (base 5) to base 12.
355
Convert -100020201 (base 3) to base 14.
-2658
Convert 1410 (base 10) to base 16.
582
Convert 1145 (base 7) to base 6.
1545
What is 100122 (base 4) in base 6?
4510
21323 (base 5) to base 16
5b7
101001202 (base 3) to base 14
2961
What is 18cb (base 16) in base 9?
8632
Convert 1051 (base 7) to base 11.
315
1012 (base 3) to base 10
32
Convert 33313 (base 5) to base 10.
2333
846a (base 11) 